 a multiple of 24?
False
Suppose g = 217 - 11. Does 16 divide g?
False
Suppose 60*f - 64*f = -104. Suppose -3*d + 4*j = -8 - 24, j = 3*d - f. Is d a multiple of 4?
True
Does 16 divide 13 + -8 - ((-245 - 2) + -4)?
True
Suppose 5*y = -3*j + 140, 2*j + 20 = -5*y + 155. Is -5*((-30)/y + -2) a multiple of 11?
False
Let f be (-76)/(-95)*(-145)/(-2). Suppose -4*y = -178 + f. Is 10 a factor of y?
True
Suppose 2*w + 2*z - 1382 = 0, -1191 - 166 = -2*w + 3*z. Does 98 divide w?
True
Let m(t) be the first derivative of 7*t**3/3 + t**2 - 10*t + 7. Does 21 divide m(5)?
False
Let t be ((-1420)/(-6))/((-16)/(-24)). Let f = 541 - t. Is -2*f/20*-5 a multiple of 31?
True
Let i(s) = 38*s + 12. Let q be i(6). Let x = 3 - 3. Suppose x = -j + 5*j - q. Is j a multiple of 15?
True
Let c(l) = -l**3 - 2*l**2 - l - 14. Let r be c(0). Is 6 a factor of (1404/91)/((-2)/r)?
True
Suppose 13*z = 9*z + 4. Is (-2 + (3 + -2)*z)*-52 a multiple of 5?
False
Let f(z) = z**2 - 11*z - 24. Let w be f(13). Is 28 a factor of (0 - 4) + (129*w - 2)?
True
Suppose -3*y + 16 - 6 = -v, -4*v = -3*y + 31. Let p = 12 + v. Suppose 0 = -4*q + 2*z + 106, -5*q + p*z + 156 = 26. Does 17 divide q?
False
Suppose 0*f - 5*i - 209 = -3*f, 3*i + 375 = 5*f. Suppose 0 = 3*h - 0*h - f. Suppose h = 5*p - 4. Is p a multiple of 5?
False
Let w(v) = -14 + 0 + 3*v + v. Suppose 5*i + x = 42, 5*i = x + 19 + 19. Does 11 divide w(i)?
False
Let k = -1791 + 1986. Does 23 divide k?
False
Let q = 755 - 378. Is q a multiple of 13?
True
Let d = -96 + 97. Let l(g) = -g**3 - 2*g**2 - 3*g - 2. Let q be l(-3). Is 17 a factor of q + -1 + d + 1?
True
Let q(m) = 2*m + 37. Let j be q(-16). Suppose 0*p - j*p + 17 = -i, 2*i = -4. Does 2 divide p?
False
Let z(y) = 193*y**3 + y**2 - y. Is z(1) a multiple of 31?
False
Let g = -914 + 134. Is -4 + 2*g/(-8) a multiple of 25?
False
Let p(h) = 2*h - 2. Let v be p(7). Suppose 5*o - 3*o + 3*z = 105, -3*z + 213 = 4*o. Suppose v - o = -c. Is 21 a factor of c?
True
Suppose -10*p - 299 + 4289 = 0. Does 19 divide p?
True
Let u(b) = -b**2 - 28*b - 46. Does 2 divide u(-24)?
True
Let g = -24 - -24. Suppose 2*j + 294 = 4*c, g = 2*c + 5*j - 21 - 96. Let r = 131 - c. Is r a multiple of 15?
True
Suppose -15 = -4*f + 1, -2*p + 2*f = -2. Suppose l + p*y = -10 - 0, -3*l + 12 = y. Let b = l - -59. Does 22 divide b?
False
Let l be 119/(-42) - 1/6. Let v be (-4)/(19/(-21) - -1). Is 19 a factor of (-854)/v + 1/l?
False
Is 57 a factor of 59 + (-35)/(6 + -13)?
False
Let r = 2890 + -1383. Is r a multiple of 26?
False
Let r = -20 + 17. Does 14 divide (-12)/r*(-1)/((-1)/7)?
True
Let a be 10/(-4)*(-56)/70. Suppose 59 + 103 = a*c. Is 27 a factor of c?
True
Let h = 117 - 117. Let w = -10 + 26. Suppose h = -g - g + w. Is 8 a factor of g?
True
Suppose 5*x = -1003 + 138. Let j = 354 + x. Is j a multiple of 41?
False
Let j(o) = 3 + o + 3 + 0*o. Does 4 divide j(13)?
False
Let o = 1032 + -679. Is 53 a factor of o?
False
Suppose k = d + 130, 10*d - 8*d = 4. Is 12 a factor of k?
True
Let t = 1 - -8. Suppose -2*x + 9 = -t. Is x a multiple of 9?
True
Let x(l) = l**2. Let p(f) = f**2 + f. Let i(k) = 3*p(k) - 2*x(k). Suppose 5*r + 4 + 15 = -4*v, 0 = 3*v - 2*r + 20. Is 9 a factor of i(v)?
True
Suppose 2*z = -11*z + 6734. Is z a multiple of 37?
True
Let s(m) = m**3 - 6*m**2 + 5*m - 2. Let i be s(6). Suppose 3*a - i = -109. Let z = -17 - a. Is 10 a factor of z?
True
Let t = -1 - -6. Let k = 3 - t. Does 12 divide ((-51)/6 - 3)*k?
False
Let f = 561 - 254. Is 8 a factor of f?
False
Suppose 2*b = 4*f + 146, 4*b - 5*b = 5*f - 80. Let d be 3*(3 + 0/(-2)). Is 15 a factor of (b/(-10))/(d/(-30))?
False
Is 38 a factor of (-7274)/(-6)*12*4/16?
False
Let b = 37 - 61. Let k = b - -34. Does 3 divide k?
False
Suppose -10 = 5*m - 10*m. Suppose 4*p = -4*v - p + 41, -m*v - 5*p = -23. Does 5 divide v?
False
Let m = -1760 + 3443. Is 17 a factor of m?
True
Let h(q) = -4*q - 7. Let k = 8 + -11. Let t be h(k). Is t - 3/1 - -26 a multiple of 14?
True
Suppose 0 = -19*d + 17*d + 324. Is d a multiple of 6?
True
Let j = -90 + 144. Is 8 a factor of j?
False
Let o(t) = -129*t - 10. Is 28 a factor of o(-2)?
False
Suppose 0 = -5*a + 526 - 46. Suppose 4*i - 3*d - a - 180 = 0, -3*d + 156 = 2*i. Is 36 a factor of i?
True
Let s(j) = -187*j**2 + 8*j - 8. Let m(l) = -187*l**2 + 8*l - 8. Let o(t) = -5*m(t) + 4*s(t). Does 17 divide o(1)?
True
Let c = -32 + 35. Is 3 a factor of (48/c)/((-6)/(-6))?
False
Suppose 15*r + 2025 = 20*r. Is 21 a factor of r?
False
Suppose -2*k + 0*k + 4 = 0. Suppose -3*z = k*z - 565. Is 24 a factor of z?
False
Let x be ((-12)/(-10))/((-7)/105). Does 15 divide 538/6 - 6/x?
True
Let m(z) = -z**2 - 12*z - 42. Let n be m(-12). Is 35 a factor of (0 - (-36)/(-14))*n?
False
Suppose -6*x + 20 = -x. Let o be -3 - 38/(-4)*2. Is 15 a factor of -20*-6*x/o?
True
Suppose 5*r = 11 + 4. Suppose -66 = -r*q + 312. Is 23 a factor of q?
False
Suppose -13 = -9*i + 32. Suppose 4*x - 2*m - 538 = 3*m, -2*x - i*m = -254. Is 17 a factor of x?
False
Suppose 8367 = 3*j - 2*u, -j + u - 5*u + 2775 = 0. Is 11 a factor of j?
False
Let a be -5 + 0 + 2 - -109. Suppose 239 + a = 5*g. Suppose 107 = 4*t - g. Is 20 a factor of t?
False
Suppose 2*p = 2*j + 786, -p - j = -5*p + 1566. Does 12 divide p?
False
Let d = 803 + -555. Suppose -4*b + 0*b + 4*w = -d, -4*b - 3*w = -227. Let p = b - 27. Does 11 divide p?
False
Suppose 864 = -0*p + 5*p - 4*w, -5*p + w = -876. Is p a multiple of 32?
False
Let h(y) = 3 - 2*y + 0 - 5*y**2 + 3 + 4*y - y**3. Let g be h(-4). Let j = 37 + g. Is j a multiple of 10?
False
Let a be (-80)/(-14) - 6/(-21). Let g(h) = 16*h + 7. Let m be g(a). Let v = m - 58. Does 15 divide v?
True
Is 24 a factor of (14/4)/((-18)/(-756))?
False
Let x = 179 - 83. Let p = 142 - x. Is 6 a factor of p?
False
Let k(h) = -h**3 - 10*h**2 + 20*h - 13. Suppose 5*i - 24 = 2*d, 4*d - 2*i + 13 = -35. Is k(d) a multiple of 4?
False
Let u(h) = 8*h**3 + 3*h**2 - 2*h. Suppose 1 = -2*b + 5. Is 18 a factor of u(b)?
True
Let v be (86/4)/(6/12). Let p = -25 + v. Does 2 divide p/8 - (-2)/(-8)?
True
Let n be (-1)/((5/(-1))/(-65)). Let h(q) = -2*q**2 - 24*q + 32. Does 3 divide h(n)?
True
Let n(m) = 2*m**2 + m + 1. Let v be n(-1). Suppose -4*o + v*o + 5*u = -13, 0 = o - 5*u - 4. Does 4 divide o?
False
Let k = -104 - -174. Suppose -k = -3*a + 65. Is 10 a factor of a?
False
Let o(k) = k + 277. Is o(-37) a multiple of 24?
True
Let z = 1307 + -548. Does 33 divide z?
True
Let j = 80 + -77. Suppose 29 = 2*v - 2*n - 187, -5*n = -j*v + 332. Does 52 divide v?
True
Let b(m) = m**2 - 15*m + 19. Let p be b(13). Does 2 divide 444/84 - (-2)/p?
False
Let h(z) be the second derivative of -43*z**5/20 - z**4/6 + z**2/2 - 7*z. Is 16 a factor of h(-1)?
False
Suppose 12 = -4*h + 8*h. Suppose -7 = -3*a + 8, h*l + 4*a = 434. Is 23 a factor of l?
True
Let o(j) = -28*j**3 + 6*j**2 + 4*j - 1 + 9*j + 27*j**3 - 4*j. Let i(r) = -r**3 + 8*r**2 - 7*r + 7. Let s be i(7). Is o(s) a multiple of 6?
False
Let c = -702 + 1103. Is 36 a factor of c?
False
Suppose -162 = 16*n - 18. Let y(j) = j**3 + 3*j**2 - 11*j - 5. Let w(g) = -g**3 - 4*g**2 + 10*g + 5. Let s(t) = -6*w(t) - 5*y(t). Does 17 divide s(n)?
False
Let d = 1262 - 1105. Is 2 a factor of d?
False
Let u = 56 - 50. Suppose 0 = u*x - 14*x + 512. Is x a multiple of 38?
False
Does 64 divide -5 - -43*(3 - -10)?
False
Let j(u) = -2*u + 4*u - u**2 + 193 - 38 + 0*u**2. Is j(0) a multiple of 10?
False
Suppose -5*y + 613 + 208 = 4*l, -5*y - 2*l = -813. Suppose y = 14*h - 91. Is h a multiple of 6?
True
Let s(u) = 186*u + 1. Let z(w) = -185*w - 1. Let k(g) = -4*s(g) - 5*z(g). Does 26 divide k(1)?
True
Suppose 4*o - 13 = 3*v + 97, o + v = 31. Let b = o + 2. Is 8 a factor of b?
False
Suppose 1989 = -25*q + 25989. Is q a multiple of 32?
True
Suppose 5*g = 149 + 26. Does 14 divide g?
False
Let t = 1181 - 966. Is t a multiple of 2?
False
Let m(y) be the third derivative of 0*y - 1/30*y**5 + 6*y**2 + 0 - 7/6*y**3 - 1/60*y**6 + 1/12*y**4. Is 19 a factor of m(-4)?
False
Suppose -7*f + 42 = -5*f. Let k = 15 - f. Let o(m) = m + 9. Does 3 divide o(k)?
True
Suppose -10 + 22 = l. Let x(w) = 3*w - 11. Does 11 divide x(l)?
False
Suppose 0 = -14*a + 5*a + 81. Suppose -4*z - a = 2*w - 57, -5*w - 3*z + 120 = 0. Does 3 divide w?
True
Suppose -4*p + 2*o - o + 702 = 0, 0 = p + 2*o - 180. Suppose -5*f + p = -124. Is 